 hundreds digit of g*(-40 - -6)*2/(-8)?
8
Suppose 3*h = -2*b + 2, -3*b + 2*b = -h - 6. Suppose 0 = 3*s - b*o - 1981, -24 = 4*o - 20. What is the hundreds digit of s?
6
Let d = -9312 - -39028. What is the hundreds digit of d?
7
Suppose 259581 + 617307 = 72*g. What is the tens digit of g?
7
Let a(n) = n**3 - 45*n**2 + 44*n + 2. Let f be a(44). Suppose 5463 = 3*s - f*i, 4*s - 17*i = -13*i + 7280. What is the units digit of s?
3
Let b(u) = -2777*u + 2735. What is the tens digit of b(-7)?
7
Let k(r) = -2*r**3 + 4*r**2 + 3*r + 6. Let s be k(-3). Suppose -4*t + 737 = -s. Suppose -5*c + 651 = t. What is the units digit of c?
9
Let z be 4*3/2 - 0/(-1). Let o be (z/(-2))/(-3 + 30/9). Let v(p) = -p + 1. What is the units digit of v(o)?
0
Let t = -28538 - -42259. What is the ten thousands digit of t?
1
Let q(u) = -61*u - 20. Let n be q(6). Let x = 749 + n. What is the units digit of x?
3
Let c(d) = 918*d**2 + 106*d - 11. What is the hundreds digit of c(5)?
4
Suppose -23*y + 18 = -17*y. Suppose 0 = y*n - 16*n + 4641. What is the hundreds digit of n?
3
Let b = -22 + 26. Suppose 0 = -s - 3*s + b*d + 460, -5*s + 581 = -2*d. Suppose i = s - 15. What is the tens digit of i?
0
Let c be 16/24*6/4 + 2. Suppose 5*r + j = -c*j + 238, 228 = 5*r - j. Let v = 2 + r. What is the units digit of v?
8
Suppose 5*g = -5*i + 720, 6*i + 3*g + 268 = 8*i. Suppose i*c = 120*c + 13420. What is the tens digit of c?
7
What is the units digit of -1*4*12/(-112) + 314592/21?
1
Suppose -5*h + 5724 = -h + 2*n, 0 = 4*h - 5*n - 5752. Suppose 2*d - 4*k - 684 = 0, 2*d + 5*k = -2*d + h. What is the hundreds digit of d?
3
Suppose 37366 - 71657 = -81*h + 165617. What is the units digit of h?
8
Let t(r) = -13*r**3 + 10*r**2 + 3*r + 9. Let j be t(-4). Suppose 32*y - j = 4771. What is the hundreds digit of y?
1
Suppose t + 5*a - 379 = 0, -2*t + 343 = -t - 4*a. Let k = t + -59. What is the hundreds digit of k?
3
Let r(k) = -29*k**3 + 119*k**2 + 774*k - 4. What is the hundreds digit of r(-7)?
3
Suppose -5*q - 915 = -v, -q + 3*v = -2*q - 167. Let p = -76 - q. What is the tens digit of p?
0
Let r(t) = 2*t**2 + 17*t - 17. Let h be r(-27). Let c = h - 468. What is the units digit of c?
4
Suppose 7708 = 28*y - 160. What is the units digit of -8 + 9 + 0 + y?
2
Let w = 88 + -88. Suppose -2*h = -2*b - 10, w*h = 3*b + 3*h + 3. What is the tens digit of (-2 + b)/((-6)/150)?
2
Let n(k) = 154*k + 21. Let w be n(-19). What is the tens digit of w/(-7) - (-20)/(-4)?
1
Suppose 0 = -4*m - 5*d - 9, 4*m - 2*m = 2*d. Let y = m + 4. What is the units digit of (-118)/(-2)*(-1)/(y/(-3))?
9
Suppose x = -2*l + 47, 4*l - 5*x = l + 38. Let v be 3 + -3 + l + 0. What is the units digit of 2322/v - (-3)/7?
1
Let a(b) be the first derivative of -b**5/15 - 19*b**4/24 + 8*b**3 + 37. Let y(z) be the third derivative of a(z). What is the units digit of y(-14)?
3
Let s(t) = -2 - 5 - 60*t + 0 - 4. Let q be s(-5). Suppose 119 + q = 4*v. What is the tens digit of v?
0
Let a(m) be the second derivative of 7*m**3/6 - 10*m**2 + 2*m - 17. What is the units digit of a(7)?
9
Let s be 9/24*(-2 + 10). Suppose 2*b = -m + 10, b - 4 - 1 = s*m. Suppose b*t - 171 = -56. What is the tens digit of t?
2
Suppose -43*o + 48*o = -2*b + 182, -4*b + 336 = -4*o. What is the thousands digit of (150/(-12))/((-1)/b)?
1
Let i be (-2)/(-2) + 0 + 6. Let c = 3280 - 2616. Suppose -i*n - n = -c. What is the tens digit of n?
8
Let b(k) = 513*k + 3806. What is the thousands digit of b(55)?
2
Suppose -25380651 = -350*m - 2075201. What is the units digit of m?
7
Let s be (-1428)/105 + 2/(-5). Let n be 3/7 - 22/s. Let r = 25 + n. What is the tens digit of r?
2
Let j = 101 + -85. Suppose -j + 32 = -2*i. What is the tens digit of -421*2/i + 3/(-12)?
0
Let c be (108/5)/(6/(-20)). Let l be 288 + 1/(-1) + (171 - 168). Let j = c + l. What is the units digit of j?
8
Let h be 10/(-45) + (-15077)/(-9). Suppose -8*k + 13*k = h. What is the units digit of k?
5
Suppose -1129441 - 4449429 = -155*a + 1568645. What is the tens digit of a?
1
Let y(f) = 19*f**2 + 2*f - 6. Let q be y(6). Suppose 56 + 104 = v + 5*z, 3*z = -5*v + q. Suppose x = 27 + v. What is the hundreds digit of x?
1
Let v(y) = -28*y**3 - 5*y**2 - 14*y - 28. Let b be v(-4). Let x = b - 1132. What is the tens digit of x?
0
Let d(y) = y**2 + 2*y - 4. Let z be d(0). Let m be 15/(-6)*40/z. Suppose m*h - 22*h = 273. What is the units digit of h?
1
Suppose 0 = 3*z + 4*j + 8, j = 4 - 6. Suppose z = -7*d + 6*d + 240. What is the units digit of d?
0
Let s(k) be the third derivative of k**5/20 + 13*k**4/12 + 5*k**3/2 - 12*k**2 - 5*k. What is the tens digit of s(14)?
6
Let m(p) = -72*p - 6. Let o be m(8). Let t = 1482 + o. What is the hundreds digit of t?
9
Suppose 10 = 18*o - 23*o. Let i be (0/(-6))/((-2)/o). Suppose -2*l - 4*l + 210 = i. What is the tens digit of l?
3
Suppose 5*u = 5*w + 50, -11*u = -7*u - 3*w - 41. Suppose -2*a = p - 424, u = 2*p + 3. What is the units digit of a?
0
Suppose 2*d = 2*v + 51064, -4*d + 102101 = -2*v + v. What is the units digit of d?
3
Let p(l) = 9*l + 101. Let c be p(-9). Let g(h) = 2*h**2 - 25*h - 61. What is the tens digit of g(c)?
3
Let p be -3 + 160/3 - (-2)/(-6). Let x be (2 - 5) + 5 - -131. Let j = x - p. What is the tens digit of j?
8
Let g(o) = 2183*o**2 + 217*o - 880. What is the hundreds digit of g(4)?
9
Suppose -8*u = -4487 - 4809. Let v = 168 + u. What is the hundreds digit of v?
3
Suppose 50*w + 710952 = 94*w. What is the thousands digit of w?
6
Let x = 27 + 11. What is the units digit of x/6*(-67 - -145)?
4
Suppose 736*k - 1849890 = 715*k. What is the hundreds digit of k?
0
Suppose 3*y - 8*y = 0, 0 = h - 4*y - 22. Let l be (-1 + 5/3)*3. Let k = l + h. What is the tens digit of k?
2
Let q(d) = d**2 - 6. Let g be q(4). Suppose 0 = -26*y + g*y + 4176. What is the units digit of y?
1
Suppose 31*h - 53 = 691. Suppose f - 4*o - 1523 = 0, 5*o = h*f - 23*f - 1519. What is the tens digit of f?
3
Suppose 56 = k - 3*z + 5, k - 59 = -5*z. Suppose n + 35 = -2*s, n - 2*n = s + 32. Let r = n + k. What is the tens digit of r?
2
Suppose 18 = 7*b - 3. Suppose -x = -5, -k - b*k - 3*x = -35. Suppose 2*t = k*j + 54, 3*j = -4 - 2. What is the tens digit of t?
2
Let w be (-19)/(-57) - (-3454)/6. Suppose -3*h + w = h. Suppose -4*c + h = 4*f, -5*f = -c - 3*c - 153. What is the units digit of f?
3
Suppose -3*r = -r. Suppose 15*w - 17*w + 268 = r. Suppose -w = -2*q + 34. What is the units digit of q?
4
Let a(u) = -3*u - 24. Let i be a(-5). Let r be 2 - ((-1)/3 + 681/i). Let o = r - -54. What is the hundreds digit of o?
1
Let f(o) = -o**3 + 12*o**2 + 3*o - 1. Let a be f(12). Let k = a - 35. Suppose -y + 7 + 38 = k. What is the tens digit of y?
4
Suppose 3*x - 5*y - 31745 = 0, -59*x = -64*x + 5*y + 52905. What is the ten thousands digit of x?
1
Let w(z) = -z**2 + z. Let p be w(4). Suppose 64 = 1201*x - 1217*x. What is the tens digit of 11*15/p*x?
5
Let g(z) = 3*z**2 - 87*z + 45. What is the hundreds digit of g(55)?
3
Suppose 5*t = -1638 - 1687. Let z = t + 1144. What is the units digit of z?
9
Suppose -26*u + 45349 = -92737. What is the hundreds digit of u?
3
Let d = 708 + -703. Suppose 4*s - d*x - 188 = 768, 0 = -s - 3*x + 256. What is the hundreds digit of s?
2
Let q(a) = 12*a - 118. Let f = 21 + 3. What is the units digit of q(f)?
0
Suppose -34*q + 27*q = -4*a - 122248, 3*q - 52392 = -2*a. What is the tens digit of q?
6
Let g be 34/7 - 16/(-14). Let a(s) = 10*s**2 + 20*s - 40. What is the units digit of a(g)?
0
Suppose 0 = -d - 3*w + 8381, -491*d - w = -487*d - 33513. What is the hundreds digit of d?
3
Let o be 0/((-16)/(-4) - 6). Suppose 4 = p + f - 4, o = -2*p + f + 4. What is the tens digit of p*(-2 + (-82)/(-4))?
7
Let u = 10752 - 1654. What is the hundreds digit of u?
0
Suppose 4*t + 12 = -4*z, 3*z = 6*z - 2*t - 16. Let b be z + (110 - (-2 + 5)) - 1. Suppose 3*k = j - 58, -2*k = -2*j - 0*k + b. What is the tens digit of j?
5
Let i be (-6)/2 - (-201 + 38). Suppose 4*h + i = 1876. What is the tens digit of h?
2
Suppose -k + 5*x = 3*x, 0 = 2*k - 3*x - 1. Suppose -k*y = -1531 - 45. What is the hundreds digit of y?
7
Suppose -5*h + 59832 = 7*h. What is the hundreds digit of h?
9
Suppose -u + 4*u = 261. Let v = 18 - 16. Suppose u = v*s - s. What is the units digit of s?
7
Suppose -269*c - 63 = -270*c. What 